ppose 2 = 2*p - 8. Let y = 3 - 0. Suppose -4*i + 53 = 5*v, 4*i - y*i - 2 = -p*v. What is the tens digit of i?
1
Suppose -21 = -2*i + 29. Suppose u + 2*m - 5 = -0*m, -2*u + i = -m. Let x = -7 + u. What is the units digit of x?
4
Suppose 161 = -18*x + 19*x. What is the hundreds digit of x?
1
Suppose 5*n - 2*o = -o + 16, 2*o = -2*n + 16. Let d(y) be the third derivative of -y**6/120 + y**5/12 - y**4/8 + y**3 + 2*y**2. What is the tens digit of d(n)?
1
Let i = 0 + -3. Let r be (i/(-1))/(3/(-6)). What is the units digit of (r/(-4))/((-1)/(-2))?
3
Let u be 3/3*(-1 + 0). What is the tens digit of u/((-3)/(-30))*-2?
2
Let c be (-1 + 3)/2 - -100. Suppose -2*l + c = -l. Suppose 5*a + 3*t = -t + 96, -5*a + l = -t. What is the tens digit of a?
2
Let z = 12 + -4. Suppose 3*l = z + 1. What is the units digit of l?
3
Suppose -2*x + 4*u = -37 - 41, 5*u - 135 = -5*x. What is the units digit of x?
1
Let k = 5 - -26. What is the units digit of k?
1
Let b(j) = -20*j - 22. What is the tens digit of b(-5)?
7
What is the units digit of 6 - (-1)/(2/4)?
8
Suppose 14 = z - 2*z. Let o = z + 22. What is the units digit of o?
8
Let c(r) = -35*r. What is the tens digit of c(-1)?
3
Let v(a) = -a**2 + 6*a + 2. Let h be v(6). Suppose -2*z = 5*u - 6*z - 32, -2*z = -h*u + 12. What is the units digit of u?
8
What is the tens digit of 2 - (-1 + (-87)/3)?
3
Suppose -2*n - 102 = -2*f, -87 = -2*f - 2*n + 3. What is the units digit of f?
8
Suppose 0 = 5*j - 5*g - 120, 2*j = 3*g - 0*g + 52. What is the units digit of j?
0
Let h(q) = 2*q**2 - 19*q + 17. What is the tens digit of h(12)?
7
Let l = 8 - 4. Suppose 1 = -s + l. Suppose -11 - 10 = -s*q. What is the units digit of q?
7
Let g(v) = 2*v**2. Let w be g(-1). Suppose -w*f - 2*y = 4 - 14, -5*y - 31 = -2*f. Let l = -4 + f. What is the units digit of l?
4
Suppose i = 5*i - 80. Let a = -12 + i. What is the units digit of a?
8
Let k(g) = 15*g + 1. Let w be k(1). Suppose 2*u = 3*b + 2*b, 3*b = u + 2. Let f = w - u. What is the units digit of f?
6
Let m(v) = 6*v - 14. What is the tens digit of m(10)?
4
Let i = -4 - -12. Suppose -3*p = -0*p + 12. Let x = i - p. What is the tens digit of x?
1
Let z = 2 - 1. Let i be (-4)/(-2) + (-2 - z). Let a = i - -3. What is the units digit of a?
2
Let h(s) = s**2 + 4*s + 4. Let p be h(-4). Suppose -2*k - 20 = -p*l + 18, 0 = -3*l - 3*k + 51. What is the tens digit of l?
1
Let z = 3 + -6. Let i be (3 + -6)*2/z. Suppose 3 = 2*b + 4*f - 19, f = i*b - 2. What is the units digit of b?
3
Let i = 9 - 4. Suppose 3*g + 6 = i*g. Suppose -2 = -g*p + p. What is the units digit of p?
1
Suppose -2*z + 53 = h, 0*z + 2*h - 77 = -3*z. Let f(x) = x**3 + 5*x**2 + 3*x - 6. Let c be f(-5). Let a = z + c. What is the units digit of a?
8
Let x(n) be the first derivative of -27*n**4/4 + 2*n**3/3 - n + 4. What is the units digit of x(-1)?
8
Let w = -5 - -8. Suppose 2*t + 2*x = 14, 0 = t + w*t + x - 28. What is the units digit of t?
7
Let z(g) = 37*g + 46. What is the hundreds digit of z(9)?
3
Let j(g) = g**2 - 5*g + 15. Let c be j(10). Suppose 0 = -4*b + 4*x + 35 + c, -5*x - 102 = -4*b. What is the tens digit of b?
2
What is the units digit of (-1 + (-50)/(-2))*(-280)/(-80)?
4
Suppose 0*q + q = 5. Let j be (3 - q)*6/(-4). Suppose 0 = -4*g - 3*y + 51, 5*y - 1 = j*g - 3. What is the units digit of g?
9
Let t = 0 + 4. Suppose -t*a = -0*a - 32. Let u = 17 - a. What is the units digit of u?
9
Suppose 1 = -3*p + 16. Suppose -2 = -p*w + 3. Let k = w + 5. What is the units digit of k?
6
Let p = 2 - 2. Let m(s) = s + 2. What is the units digit of m(p)?
2
Let s(l) = -2*l - 2. Suppose 8 = -2*x, -3*d + 12 + 7 = -x. Suppose d*b = -8 - 17. What is the units digit of s(b)?
8
What is the units digit of 2/(-10) + 19160/50?
3
Suppose -3*q - 1 = -10. Let k = 1 - q. Let a(g) = 2*g**2 - 2*g - 3. What is the units digit of a(k)?
9
Suppose 27*f - 22*f - 155 = 0. What is the units digit of f?
1
Suppose -4*n + 20 = 4*a, 5*n - 5*a + 10 = 35. What is the units digit of n?
5
Let h(u) = 4*u**3 - 2*u**2 - 16*u + 13. Let c(g) = -g**3 + g**2 + 5*g - 4. Let p(f) = -7*c(f) - 2*h(f). What is the tens digit of p(-4)?
3
Suppose 4*o = -5*y + 102, -4*o + 3*y + 124 - 38 = 0. What is the units digit of o?
3
Let z(i) = i**2 - 7*i + 7. What is the tens digit of z(12)?
6
Let p(f) = -8*f - 4. What is the units digit of p(-4)?
8
Let y(v) = -v - 5. Let w = -2 - 4. What is the units digit of y(w)?
1
Let b = 0 - -4. Suppose 2*t - q = 7, -b*t - 7*q - 7 = -2*q. Suppose 0 = 3*n - 6, 3*r - t*r - 15 = -3*n. What is the units digit of r?
9
Let f = 11 - -23. What is the tens digit of f?
3
Let c(x) = -x + 59. What is the units digit of c(-12)?
1
Suppose 4 = t - 15. Suppose -5*v + 6 = -t. What is the units digit of v?
5
Let d be (14/42)/(2/30). Suppose 5*r - 251 = -3*u, 2*r - 4*u = -d*u + 100. What is the units digit of r?
9
Let j(k) = 1 + k**2 + 2 - 1 - 3*k + 2. What is the units digit of j(6)?
2
Let l be 10*((-2)/4 + 1). Suppose l*d - 4 = 106. Suppose d = -2*o + 4*o + 3*t, 3*o + t - 19 = 0. What is the units digit of o?
5
Let g = 4 + -9. Let i = g - -13. Suppose 3*c + i = 20. What is the units digit of c?
4
Suppose -2*o + q = -2*q - 19, o - 7 = -q. Suppose 3*a - h = o + 6, 2 = 3*a + 5*h. Suppose n = a*y - 45, y - 3*y - 3*n + 5 = 0. What is the tens digit of y?
1
Let r = -7 - -11. Suppose -10 = -w - r*c, -2*w = -c - 51 + 4. What is the tens digit of w?
2
Let u(j) = j**2 + 2*j - 7. What is the units digit of u(5)?
8
Suppose -3*j + 1 = -5. Suppose 0 = 4*s - j - 6. Suppose -22 = s*k - 4*k. What is the units digit of k?
1
Suppose -5*u - 18 = -3. Let q(c) = -c**3 - c**2 + c. Let p be q(u). What is the tens digit of p - (0 + -1 + 4)?
1
Let t(i) = 11*i - 5. What is the tens digit of t(16)?
7
Suppose -4*f = -4 - 12. Suppose -f*l = -0*l - 4. What is the units digit of 1 + -1 + 5 - l?
4
Let u be 0 + -3 - (-108)/3. Let v = u + -113. What is the units digit of v/(-12) + 1/3?
7
Let x be (-2)/(-2 + 6)*4. Let s be 1/x + 53/2. Suppose -s = -4*j - 2*m, 0*m - m + 21 = 3*j. What is the units digit of j?
8
Let t = -23 + 40. Suppose 0 = -0*a + 4*a - b - 27, -a + 5*b = t. What is the units digit of a?
8
Suppose 0 = -2*v - 2*v. Let u = 6 - 2. Suppose -u*t + t + 12 = v. What is the units digit of t?
4
Suppose h + 21 = -h - 5*z, 4*h + 2 = -2*z. Suppose 2*g + 0*j - j = -69, -84 = h*g - 4*j. What is the units digit of (g/(-6))/(-2)*-3?
8
Suppose -3*v - 33 - 9 = 0. Let u = -11 - v. What is the units digit of u?
3
Let v(q) = q**3 + 7*q**2 + 5*q - 1. Let g be v(-5). Suppose -m + g = -0*m. What is the units digit of m?
4
Suppose 0 = 4*i + i. Suppose 0 = -4*j - w + 26, 3*w = 2*j - i*w - 6. Let q = j + -1. What is the units digit of q?
5
Let r = -29 + 69. What is the tens digit of r?
4
Let f(v) = -v + 2. Let u be f(0). What is the units digit of (1/u)/(2/88)?
2
Suppose 0*x = 4*x + 68. Let v = 25 + x. What is the units digit of v?
8
Let i(s) = 3*s. Let j be i(-6). Let t = j + 35. What is the tens digit of t?
1
Let z = -25 - -39. Suppose 0 = 3*w - 6, -w + 5*w = -4*s + 36. Suppose -3*i + z + s = 0. What is the units digit of i?
7
Let p(v) be the second derivative of v**4/12 + v**3/3 + 2*v**2 - 6*v. What is the tens digit of p(4)?
2
Let u = -2 - -1. What is the units digit of u/((-12)/(-33))*-4?
1
Suppose 0 = -3*y - 3*l - 2*l + 559, 2*y = 3*l + 379. What is the hundreds digit of y?
1
Suppose -4*o + 68 = -o + 4*d, 26 = o + 2*d. Let p = o + -11. Let n(k) = k**3 - 5*k**2 + 7. What is the units digit of n(p)?
7
Let n(t) = -t**2 + 14*t + 11. What is the units digit of n(13)?
4
Suppose 3*g = 525 + 210. What is the units digit of g?
5
Let o be 6/27 + (-3524)/(-18). Suppose -6*r = -o - 26. What is the units digit of r?
7
Let v = 1 - -2. Suppose 0 + 3 = v*p. What is the units digit of 6/2 + (0 - p)?
2
Suppose 0 = 4*t + 3*j - 36, t + 2*j = 2 + 2. What is the units digit of t?
2
Let i = -85 + 216. What is the tens digit of i?
3
Suppose -3*c - c + 12 = 0. Suppose -4*q = 5*n - n - 52, 23 = n + c*q. What is the units digit of n?
8
Suppose 4*a + k = 32, 0*a = -4*a + 2*k + 32. What is the units digit of a?
8
Suppose -j - 22 = -7. What is the units digit of 0*1/(-3) - j?
5
Let v = 11 - -3. Suppose -1 - v = -z. What is the tens digit of z?
1
Let h(r) = -r**3 - 3*r**2 + 2*r - 4. Let n be h(-4). Suppose -j = 3*i + 7 - 2, 3*i + n*j = -11